mmon divisor of 38 and 342?
38
Calculate the highest common divisor of 35321 and 19.
19
Calculate the greatest common factor of 3 and 48.
3
What is the highest common divisor of 558 and 126?
18
Calculate the highest common factor of 1140 and 12.
12
Calculate the highest common divisor of 377 and 29.
29
Calculate the highest common divisor of 280 and 315.
35
Calculate the greatest common divisor of 112 and 196.
28
What is the greatest common factor of 72 and 2412?
36
Calculate the greatest common factor of 174 and 638.
58
Calculate the highest common divisor of 76 and 1292.
76
What is the greatest common factor of 1634 and 76?
38
Calculate the greatest common factor of 114 and 741.
57
What is the highest common divisor of 5232 and 312?
24
Calculate the greatest common divisor of 148 and 10138.
74
Calculate the highest common factor of 420 and 36.
12
Calculate the greatest common factor of 251 and 68021.
251
What is the highest common factor of 75 and 125?
25
What is the highest common divisor of 162 and 56538?
162
Calculate the greatest common factor of 177 and 9.
3
Calculate the highest common divisor of 480 and 15.
15
Calculate the greatest common divisor of 1251 and 27.
9
What is the highest common factor of 56 and 13748?
28
Calculate the highest common divisor of 195 and 26.
13
What is the greatest common divisor of 36 and 816?
12
What is the highest common divisor of 26 and 1300?
26
What is the highest common divisor of 1070 and 10?
10
Calculate the highest common factor of 2505 and 15.
15
What is the greatest common divisor of 29 and 20996?
29
Calculate the greatest common factor of 4 and 8.
4
Calculate the highest common divisor of 519 and 6.
3
What is the greatest common divisor of 92 and 644?
92
What is the highest common divisor of 13622 and 98?
98
What is the greatest common divisor of 24 and 33564?
12
Calculate the highest common divisor of 45 and 120.
15
Calculate the highest common divisor of 464 and 16.
16
What is the greatest common factor of 89 and 1?
1
Calculate the highest common divisor of 8 and 2.
2
What is the greatest common divisor of 2323 and 303?
101
What is the highest common factor of 64 and 48?
16
What is the highest common divisor of 2516 and 1332?
148
What is the highest common divisor of 36 and 1692?
36
Calculate the highest common factor of 26 and 7085.
13
Calculate the highest common divisor of 90 and 530.
10
What is the highest common factor of 1632 and 221?
17
Calculate the greatest common divisor of 936 and 504.
72
What is the highest common divisor of 224 and 70?
14
Calculate the highest common factor of 85 and 5.
5
Calculate the greatest common factor of 6 and 237.
3
Calculate the highest common factor of 12 and 4.
4
What is the highest common factor of 8 and 1576?
8
Calculate the highest common divisor of 276 and 54.
6
Calculate the highest common factor of 9485 and 140.
35
Calculate the highest common divisor of 34 and 4658.
34
What is the highest common divisor of 5 and 1195?
5
Calculate the highest common divisor of 94 and 1222.
94
Calculate the highest common divisor of 26 and 13988.
26
Calculate the greatest common factor of 608 and 722.
38
Calculate the greatest common factor of 7200 and 32.
32
Calculate the highest common factor of 90 and 72.
18
What is the greatest common factor of 994 and 71?
71
Calculate the highest common factor of 168 and 216.
24
Calculate the greatest common factor of 130 and 52.
26
Calculate the highest common divisor of 315 and 63.
63
What is the highest common factor of 484 and 2299?
121
Calculate the highest common divisor of 29 and 25317.
29
Calculate the greatest common factor of 2271 and 6.
3
What is the highest common factor of 10 and 10?
10
Calculate the greatest common factor of 108 and 684.
36
Calculate the greatest common factor of 26 and 1222.
26
What is the greatest common factor of 918 and 63?
9
Calculate the greatest common divisor of 12 and 1536.
12
What is the greatest common divisor of 84 and 20076?
84
What is the highest common divisor of 36 and 1098?
18
What is the highest common divisor of 9412 and 208?
52
What is the greatest common divisor of 90 and 765?
45
Calculate the highest common factor of 1820 and 100.
20
What is the greatest common factor of 98 and 630?
14
Calculate the greatest common factor of 484 and 3751.
121
Calculate the greatest common factor of 55 and 65.
5
Calculate the greatest common divisor of 16 and 496.
16
Calculate the greatest common factor of 25 and 75.
25
What is the highest common factor of 304 and 114?
38
What is the highest common factor of 7802 and 94?
94
What is the greatest common divisor of 168 and 3948?
84
Calculate the greatest common factor of 552 and 46.
46
Calculate the greatest common divisor of 88 and 5599.
11
Calculate the highest common divisor of 106 and 212.
106
What is the greatest common divisor of 306 and 414?
18
Calculate the greatest common factor of 176 and 56.
8
What is the greatest common divisor of 62 and 124?
62
What is the greatest common factor of 462 and 891?
33
What is the highest common factor of 47 and 2209?
47
What is the greatest common divisor of 22 and 6809?
11
What is the highest common factor of 112 and 98?
14
Calculate the greatest common factor of 260 and 50.
10
Calculate the highest common divisor of 112 and 448.
112
Calculate the highest common divisor of 969 and 289.
17
Calculate the highest common divisor of 18312 and 56.
56
What is the greatest common divisor of 654 and 3488?
218
Calculate the highest common divisor of 108 and 144.
36
Calculate the greatest common factor of 12 and 108.
12
What is the highest common factor of 156 and 864?
12
What is the highest common divisor of 1605 and 20?
5
Calculate the greatest common divisor of 182 and 65.
13
Calculate the highest common factor of 287 and 123.
41
Calculate the highest common factor of 96 and 132.
12
Calculate the greatest common factor of 5090 and 20.
10
Calculate the greatest common factor of 80 and 272.
16
What is the greatest common factor of 858 and 363?
33
What is the greatest common factor of 3 and 986?
1
What is the greatest common divisor of 3840 and 1260?
60
What is the highest common divisor of 858 and 132?
66
Calculate the greatest common factor of 258 and 1677.
129
What is the highest common divisor of 4221 and 63?
63
What is the greatest common divisor of 22 and 143?
11
Calculate the greatest common factor of 81 and 43902.
81
Calculate the highest common factor of 17 and 391.
17
Calculate the greatest common factor of 18 and 530.
2
Calculate the greatest common divisor of 3553 and 11.
11
What is the highest common divisor of 160 and 650?
10
What is the highest common divisor of 6049 and 2104?
263
Calculate the highest common divisor of 7864 and 8.
8
Calculate the highest common divisor of 112 and 2800.
112
What is the highest common factor of 12 and 12?
12
What is the greatest common divisor of 209 and 44?
11
What is the highest common divisor of 264 and 3608?
88
What is the greatest common divisor of 88 and 14696?
88
Calculate the greatest common factor of 4025 and 322.
161
What is the highest common divisor of 36 and 606?
6
What is the highest common divisor of 1802 and 68?
34
What is the highest common divisor of 30 and 510?
30
What is the greatest common divisor of 4 and 16?
4
Calculate the greatest common factor of 1972 and 204.
68
Calculate the greatest common factor of 112 and 7.
7
Calculate the greatest common factor of 54 and 60.
6
Calculate the greatest common factor of 13 and 65.
13
What is the highest common divisor of 1568 and 7742?
98
What is the greatest common divisor of 2 and 22?
2
What is the highest common divisor of 21 and 3381?
21
What is the greatest common factor of 10 and 490?
10
Calculate the greatest common divisor of 10 and 530.
10
What is the highest common factor of 498 and 6?
6
What is the highest common divisor of 1862 and 630?
14
Calculate the highest common divisor of 10 and 3510.
10
Calculate the greatest common divisor of 39 and 247.
13
What is the greatest common factor of 4 and 24996?
4
Calculate the greatest common divisor of 7614 and 702.
54
What is the highest common divisor of 113 and 1?
1
Calculate the highest common factor of 6760 and 40.
40
What is the greatest com